{"id":2293,"date":"2019-12-05T14:59:10","date_gmt":"2019-12-05T13:59:10","guid":{"rendered":"http:\/\/stark-bilder.ch\/files\/?post_type=product&#038;p=2293"},"modified":"2023-12-08T11:49:07","modified_gmt":"2023-12-08T10:49:07","slug":"a-19-006","status":"publish","type":"product","link":"https:\/\/stark-bilder.ch\/files\/werke\/a-19-006\/","title":{"rendered":"A-19-006"},"content":{"rendered":"","protected":false},"excerpt":{"rendered":"<h1>&#8222;Isis Fl\u00fcgel&#8220;<\/h1>\n<h3>Original:<\/h3>\n<p>Pastellkreide auf Papier &#8211; 42 x 56 cm<br \/>\nInkl. Passepartout 53 x 67 (Passepartout s\u00e4urefrei)<\/p>\n<p>Pastellkreiden bestehen aus hochkonzentrierten Pigmenten. Um die Leuchtkraft der Farben nicht zu schm\u00e4lern sind die Bilder nur leicht fixiert.<br \/>\nDie Oberfl\u00e4che sollte m\u00f6glichst nicht ber\u00fchrt werden um die Farbpigmente nicht abzul\u00f6sen.  <\/p>\n<h3>Drucke: <\/h3>\n<p>Das Bild wurde von Silvan Bucher fotografiert und digitalisiert. Mit den Druckereien stehe ich in pers\u00f6nlichem Kontakt.<br \/>\nJeder Leinwanddruck wird von mir gepr\u00fcft und auf der R\u00fcckseite handsigniert und nummeriert.<br \/>\nDie Grossdrucke sind limitiert auf 38 St\u00fcck. Andere Gr\u00f6ssen sind auf Anfrage m\u00f6glich.<br \/>\nDie Bilder werden auf Leinwand aus beschichteter Baumwolle gedruckt, bespannt auf einen 2cm breiten Keilrahmen.<br \/>\nDie seitlichen R\u00e4nder sind weiss.<\/p>\n<div class=\"divider-2\"><\/div>\n","protected":false},"featured_media":2236,"template":"","meta":[],"product_cat":[96,111],"product_tag":[],"_links":{"self":[{"href":"https:\/\/stark-bilder.ch\/files\/wp-json\/wp\/v2\/product\/2293"}],"collection":[{"href":"https:\/\/stark-bilder.ch\/files\/wp-json\/wp\/v2\/product"}],"about":[{"href":"https:\/\/stark-bilder.ch\/files\/wp-json\/wp\/v2\/types\/product"}],"wp:featuredmedia":[{"embeddable":true,"href":"https:\/\/stark-bilder.ch\/files\/wp-json\/wp\/v2\/media\/2236"}],"wp:attachment":[{"href":"https:\/\/stark-bilder.ch\/files\/wp-json\/wp\/v2\/media?parent=2293"}],"wp:term":[{"taxonomy":"product_cat","embeddable":true,"href":"https:\/\/stark-bilder.ch\/files\/wp-json\/wp\/v2\/product_cat?post=2293"},{"taxonomy":"product_tag","embeddable":true,"href":"https:\/\/stark-bilder.ch\/files\/wp-json\/wp\/v2\/product_tag?post=2293"}],"curies":[{"name":"wp","href":"https:\/\/api.w.org\/{rel}","templated":true}]}}

<h1>&#8222;Isis Flügel&#8220;</h1>
<h3>Original:</h3>
<p>Pastellkreide auf Papier &#8211; 42 x 56 cm<br />
Inkl. Passepartout 53 x 67 (Passepartout säurefrei)</p>
<p>Pastellkreiden bestehen aus hochkonzentrierten Pigmenten. Um die Leuchtkraft der Farben nicht zu schmälern sind die Bilder nur leicht fixiert.<br />
Die Oberfläche sollte möglichst nicht berührt werden um die Farbpigmente nicht abzulösen.  </p>
<h3>Drucke: </h3>
<p>Das Bild wurde von Silvan Bucher fotografiert und digitalisiert. Mit den Druckereien stehe ich in persönlichem Kontakt.<br />
Jeder Leinwanddruck wird von mir geprüft und auf der Rückseite handsigniert und nummeriert.<br />
Die Grossdrucke sind limitiert auf 38 Stück. Andere Grössen sind auf Anfrage möglich.<br />
Die Bilder werden auf Leinwand aus beschichteter Baumwolle gedruckt, bespannt auf einen 2cm breiten Keilrahmen.<br />
Die seitlichen Ränder sind weiss.</p>
<div class="divider-2"></div>
