{"id":527,"date":"2015-08-16T14:26:04","date_gmt":"2015-08-16T12:26:04","guid":{"rendered":"http:\/\/www.stark-bilder.ch\/files\/?page_id=527"},"modified":"2026-04-03T04:05:04","modified_gmt":"2026-04-03T02:05:04","slug":"aus-dem-atelier","status":"publish","type":"page","link":"https:\/\/stark-bilder.ch\/files\/","title":{"rendered":"aus dem Atelier"},"content":{"rendered":"<div class=\"divider-3\"><\/div>\n\n    <div id=\"parallax_container644\" class=\"parallax-window-container adamrob_parallax_fullwidth \">\n\n<section id=\"parallax_644\" class=\"adamrob_parallax adamrob_parallax_fullwidth  \" style=\"height:500px; background-image: url(https:\/\/stark-bilder.ch\/files\/wp-content\/uploads\/2015\/08\/slide-intro-galerie-2.jpg); background-size: cover;\" speed=\"0\">\n\n\n\t<div id=\"parallax_644_content\" class=\"adamrob_pcontainer\" style=\"height:500px;\">\n\n\n\t\t<table style=\"width:100%; height:100%; border-style:none; margin:0;\">\n\t\t\t<tr>\n\t\t\t\t<td class=\"parallax-header\" style=\"text-align:left; vertical-align:top; padding:20px; border-style:none;\">\n\t\t\t\t\t<div id=\"parallax_644_posttitle\" class=\"adamrob_parallax_posttitle\" style=\"\">\n\t\t\t\t\t\t\t\t\t\t\t<\/div>\n\t\t\t\t<\/td>\n\t\t\t<\/tr>\n\t\t<\/table>\n\n\t\n\n\t<\/div>\n\n<\/section>\n\t\n\t\t    <\/div>\n\t\n\n    <div id=\"parallax_container228\" class=\"parallax-window-container adamrob_parallax_fullwidth \">\n\n<section id=\"parallax_228\" class=\"adamrob_parallax adamrob_parallax_fullwidth  \" style=\"height:200px; background-image: url(https:\/\/stark-bilder.ch\/files\/wp-content\/uploads\/2015\/06\/para8.jpg); background-size: cover;\" speed=\"0\">\n\n\n\t<div id=\"parallax_228_content\" class=\"adamrob_pcontainer\" style=\"height:200px;\">\n\n\n\t\t<div id=\"parallax_228_posttitle\" class=\"adamrob_parallax_posttitle\" style=\"text-align:left; padding:20px;\">\n\t\t\t<div style=\"\">\n\t\t\t\t\t\t\t<\/div>\n\t\t<\/div>\n\n\t\t<div id=\"parallax_228_postcontent\" class=\"adamrob_parallax_postcontent\" id=\"228_parallax_content_post\" style=\"padding:20px;\">\n\t\t\t<h1>treten deine Farben ins Licht <span class=\"sub-heading orange shadow-text\"> leuchten die R\u00e4ume<\/span><\/h1>\n\t\t<\/div>\n\n\t\n\n\t<\/div>\n\n<\/section>\n\t\n\t\t    <\/div>\n\t\n<div class=\"direction-arrows\"> <a href=\"#down\"> <i class=\"fa fa-angle-down\"> <\/i> <\/a> <\/div>\n<div id=\"down\"><\/div>\n<div class=\"divider-2\"><\/div>\n<div class=\"row\">\n<div class=\"col-md-8\">\n<h1 class=\"green t-shadow mt450\">Das Atelier<\/h1>\n<p class=\"stil-medium border-bottom\">\nDie spielerische Leichtigkeit der Kinder ist in dem ehemaligen Kindergarten, den ich als Atelier nutzen darf, noch deutlich sp\u00fcrbar.<br \/>\nNutzen wir diese Kraft des neugierigen im &#8211; Jetzt &#8211; sein f\u00fcr unser kreatives Wirken.<\/p>\n<\/div>\n<div class=\"col-md-4\">\n<\/div>\n<\/div>\n<div class=\"divider\"><\/div>\n<div class=\"row\">\n<div class=\"col-md-4\">\n<p class=\"stil-medium\">Angebote<\/p>\n<div class=\"sidenav\">\n<i class=\"fa fa-chevron-right orange\"><\/i><a href=\"#begleitung\" id=\"smoothup\"> Begleitung <\/a><br \/>\n<i class=\"fa fa-chevron-right orange\"><\/i><a href=\"#kurse\" id=\"smoothup\"> Kurse<\/a><br \/>\n<i class=\"fa fa-chevron-right orange\"><\/i><a href=\"#farbe\" id=\"smoothup\"> Farbe im Raum<\/a><\/p>\n<p class=\"stil-medium\">Info<\/p>\n<p><i class=\"fa fa-chevron-right orange\"><\/i><a href=\"#tarife\" id=\"smoothup\"> Methoden &#038; Tarife<\/a><br \/>\n<i class=\"fa fa-chevron-right orange\"><\/i><a href=\"#kunden\" id=\"smoothup\"> Kundenstimmen<\/a>\n<\/div>\n<\/div>\n<div class=\"col-md-8\">\n<img loading=\"lazy\" decoding=\"async\" src=\"https:\/\/stark-bilder.ch\/files\/wp-content\/uploads\/2018\/07\/Angebote.png\" alt=\"atelier-2\" width=\"1000\" height=\"437\" class=\"alignnone size-full wp-image-593\" \/><br \/>\n<\/div>\n<\/div>\n<div class=\"divider-2\"><\/div>\n<div class=\"row\">\n<div class=\"col-md-4\">\n<p class=\"stil-sub border-bottom green t-shadow\"> <span class=\"anchor\" id=\"begleitung\"> &nbsp; <\/span>Begleitung<\/p>\n<p class=\"stil-atel\">Lassen wir unsere Kreativit\u00e4t flie\u00dfen, sch\u00f6pfen wir aus dem Unbekannten. Auf einer lustvollen Reise entdecken wir Ungelebtes, Blockiertes, Befreiendes,  Wildes in uns und entfalten unser sch\u00f6pferisches Potenzial. Es ist malen mit Hingabe an den Moment und an das, was in uns ist. <\/p>\n<nav> <a href=\"https:\/\/stark-bilder.ch\/files\/formular\/\" class=\"linkbox\" data-text=\"Anfrage&nbsp;\u00bb\u00bb\">Anfrage&nbsp;\u00bb\u00bb<\/a><br \/>\n <\/nav>\n<\/div>\n<div class=\"col-md-4\">\n<div class=\"divider-3\"><\/div>\n<p class=\"stil-atel\">Ich begleite dich, wenn du den Wunsch hast: <\/p>\n<ul>\n<li>dein eigenes Energiebild zu malen<\/li>\n<li>dir selbst neu zu begegnen<\/li>\n<li>deine Kreativit\u00e4t zu entfalten<\/li>\n<li>Fragen in deinem Leben zu ergr\u00fcnden<\/li>\n<\/ul>\n<p>Die Begleitung kann eine oder mehrere Termine von je 1 &#8211; 2 Stunden beinhalten und ist auch f\u00fcr Gruppen m\u00f6glich.<\/p>\n<\/div>\n<div class=\"col-md-4\">\n<img loading=\"lazy\" decoding=\"async\" src=\"https:\/\/stark-bilder.ch\/files\/wp-content\/uploads\/2015\/08\/atelier-1.jpg\" alt=\"Lassen wir unsere Kreativit\u00e4t flie\u00dfen\" width=\"724\" height=\"533\" class=\"alignnone size-full wp-image-585\" srcset=\"https:\/\/stark-bilder.ch\/files\/wp-content\/uploads\/2015\/08\/atelier-1.jpg 724w, https:\/\/stark-bilder.ch\/files\/wp-content\/uploads\/2015\/08\/atelier-1-300x221.jpg 300w, https:\/\/stark-bilder.ch\/files\/wp-content\/uploads\/2015\/08\/atelier-1-600x442.jpg 600w, https:\/\/stark-bilder.ch\/files\/wp-content\/uploads\/2015\/08\/atelier-1-650x479.jpg 650w\" sizes=\"(max-width: 724px) 100vw, 724px\" \/><\/p>\n<\/div>\n<\/div>\n<div class=\"divider-2\"><\/div>\n<div class=\"row\">\n<div class=\"col-md-4\">\n<p class=\"stil-sub border-bottom green t-shadow\"><span class=\"anchor\" id=\"kurse\"> &nbsp; <\/span>Kurse<\/p>\n<p class=\"stil-atel\">Das Malen ist ein spielerischer Prozess, jenseits aller Vorstellungen, Werte und Ziele. Wir gehen an den Ort der Leere, der alles in sich tr\u00e4gt, folgen den inneren Bildern und dem eigenen Rhythmus, reich beschenkt von Momenten der Freiheit, Verbundenheit und der Hingabe an uns selbst.\n<\/p>\n<\/div>\n<div class=\"col-md-4\">\n<div class=\"divider-3\"><\/div>\n<p class=\"stil-atel\">Ich biete verschiedene Kurse zu folgenden Themen an:<\/p>\n<ul>\n<li>&#8211; Intuitives Malen<\/li>\n<li>&#8211; Wahrnehmen und malen in und mit der Natur<\/li>\n<li>&#8211; Eigenes Energiebild malen<\/li>\n<li>&#8211; Themen malend erforschen<\/li>\n<\/ul>\n<p><nav> <a href=\"https:\/\/stark-bilder.ch\/files\/termine\/\" class=\"linkbox\" data-text=\"Termine&nbsp;\u00bb\u00bb\">Termine&nbsp;\u00bb\u00bb<\/a><br \/>\n <\/nav>\n<\/div>\n<div class=\"col-md-4\">\n<img loading=\"lazy\" decoding=\"async\" src=\"https:\/\/stark-bilder.ch\/files\/wp-content\/uploads\/2018\/07\/im_Atelier.png\" alt=\"atelier-3\" width=\"724\" height=\"533\" class=\"alignnone size-full wp-image-595\" \/><br \/>\n<\/div>\n<\/div>\n<div class=\"divider-2\"><\/div>\n<div class=\"row\">\n<div class=\"col-md-4\">\n<img loading=\"lazy\" decoding=\"async\" src=\"https:\/\/stark-bilder.ch\/files\/wp-content\/uploads\/2018\/07\/Farbe_im_Raum.png\" alt=\"farbe-im-raum\" width=\"1000\" height=\"781\" class=\"alignnone size-full wp-image-1316\" \/><br \/>\n<\/div>\n<div class=\"col-md-4\">\n<img loading=\"lazy\" decoding=\"async\" src=\"https:\/\/stark-bilder.ch\/files\/wp-content\/uploads\/2018\/07\/Farbe_im_Raum_2.png\" alt=\"farbe-im-raum-detail\" width=\"1000\" height=\"781\" class=\"alignnone size-full wp-image-1319\" \/><br \/>\n<\/div>\n<div class=\"col-md-4\">\n<p class=\"stil-sub border-bottom green t-shadow\"><span class=\"anchor\" id=\"farbe\"> &nbsp; <\/span>Farbe im Raum<\/p>\n<p class=\"stil-atel\">Hol dir die Kraft der Farben in deine R\u00e4ume,<br \/>\nabgestimmt auf die Nutzung der R\u00e4ume und auf dich.<br \/>\nSei es dezent mit einzelnen farbigen W\u00e4nden,<br \/>\nsei es ein wilder Farbenrausch<br \/>\noder ein Bild, direkt auf die Wand gemalt. <\/p>\n<ul>\n<li>Beratung und Begleitung<\/li>\n<li>Erstellung eines Farbkonzeptes<\/li>\n<li>Erstellung von Wandbildern<\/li>\n<\/ul>\n<nav> <a href=\"https:\/\/stark-bilder.ch\/files\/formular\/\" class=\"linkbox\" data-text=\"Anfrage&nbsp;\u00bb\u00bb\">Anfrage&nbsp;\u00bb\u00bb<\/a><br \/>\n <\/nav>\n<\/div>\n<\/div>\n<div class=\"divider\"><\/div>\n<div class=\"row\">\n<div class=\"col-md-4\">\n<p class=\"stil-sub border-bottom green t-shadow\"><span class=\"anchor\" id=\"tarife\"> &nbsp; <\/span>Methoden:<\/p>\n<p class=\"stil-atel\"> Unterst\u00fctzend arbeite ich mit Meditation, inneren Reisen, Naturbegegnungen, Ritualen, kreative Arbeit mit Ton und Naturmaterialien, Landart, Tanz und Bewegung.\n<\/p>\n<p class=\"stil-sub border-bottom green t-shadow\">Tarife<\/p>\n<p class=\"stil-atel\">In gemeinsamer Absprache, je nach Auftragsumfang und finanziellen M\u00f6glichkeiten.<\/p>\n<\/div>\n<div class=\"col-md-8\">\n<img loading=\"lazy\" decoding=\"async\" src=\"https:\/\/stark-bilder.ch\/files\/wp-content\/uploads\/2015\/08\/atelier-2.jpg\" alt=\"atelier\" width=\"1000\" height=\"437\" class=\"alignnone size-full wp-image-591\" srcset=\"https:\/\/stark-bilder.ch\/files\/wp-content\/uploads\/2015\/08\/atelier-2.jpg 1000w, https:\/\/stark-bilder.ch\/files\/wp-content\/uploads\/2015\/08\/atelier-2-300x131.jpg 300w, https:\/\/stark-bilder.ch\/files\/wp-content\/uploads\/2015\/08\/atelier-2-600x262.jpg 600w, https:\/\/stark-bilder.ch\/files\/wp-content\/uploads\/2015\/08\/atelier-2-650x284.jpg 650w\" sizes=\"(max-width: 1000px) 100vw, 1000px\" \/><br \/>\n<\/div>\n<\/div>\n<div class=\"divider\"><\/div>\n<div class=\"row\">\n<div class=\"col-md-8\">\n<p class=\"stil-sub border-bottom green t-shadow\"><span class=\"anchor\" id=\"kunden\"> &nbsp; <\/span>Kundenstimmen:<\/p>\n<ul class=\"voice\">\n<li>&#8222;Das Bild Sch\u00f6pferkraft h\u00e4ngt in meinem Raum im B\u00fcro und ich freue mich jeden Tag dar\u00fcber. Es hat eine ganz unglaublich tolle Ausstrahlung. Viel Kraft auf eine extrem angenehme Art. Jeder der das Bild sieht ist ganz beeindruckt davon! Mir gibt das Bild jeden Tag sehr viel Energie und ich freue mich immer wenn ich es anschaue!&#8220;<br \/>\n<span>Sabine<\/span><\/li>\n<li>&#8222;Ein wunderbarer, spiritueller und kreativer Nachmittag. Jeder hatte den Raum um sich mit sich selbst auseinanderzusetzen. Und auch Teil der Gruppe zu sein.<br \/>\nMalen mit Erdfarben und sie auch selber anzur\u00fchren \u2026.Toll!&#8220;<br \/>\n<span>Eveline<\/span><\/li>\n<li>&#8222;Vielen Dank Dorit, ich habe die Stunden bei dir sehr genossen. Du hast mich sehr sch\u00f6n gef\u00fchrt in den Reisen, darum konnte ich so intensiv mein Bild malen. Ich kann dich von Herzen weiter empfehlen, deine Farben, deine Anleitungen &#8230;&#8220;<br \/>\n<span>Edith<\/span><\/li>\n<li>&#8222;Danke f\u00fcr alles, liebe Dorit, das Bild f\u00fcr unsere Tochter begl\u00fcckt und n\u00e4hrt uns sehr.&#8220;<br \/>\n(Das Bild fand grossen Anklang in unserem Familien- und Freundeskreis)<br \/>\n<span>Seraina<\/span><\/li>\n<\/ul>\n<\/div>\n<div class=\"col-md-4\">\n<\/div>\n<\/div>\n","protected":false},"excerpt":{"rendered":"","protected":false},"author":1,"featured_media":0,"parent":0,"menu_order":0,"comment_status":"closed","ping_status":"closed","template":"","meta":{"footnotes":""},"_links":{"self":[{"href":"https:\/\/stark-bilder.ch\/files\/wp-json\/wp\/v2\/pages\/527"}],"collection":[{"href":"https:\/\/stark-bilder.ch\/files\/wp-json\/wp\/v2\/pages"}],"about":[{"href":"https:\/\/stark-bilder.ch\/files\/wp-json\/wp\/v2\/types\/page"}],"author":[{"embeddable":true,"href":"https:\/\/stark-bilder.ch\/files\/wp-json\/wp\/v2\/users\/1"}],"replies":[{"embeddable":true,"href":"https:\/\/stark-bilder.ch\/files\/wp-json\/wp\/v2\/comments?post=527"}],"version-history":[{"count":122,"href":"https:\/\/stark-bilder.ch\/files\/wp-json\/wp\/v2\/pages\/527\/revisions"}],"predecessor-version":[{"id":3021,"href":"https:\/\/stark-bilder.ch\/files\/wp-json\/wp\/v2\/pages\/527\/revisions\/3021"}],"wp:attachment":[{"href":"https:\/\/stark-bilder.ch\/files\/wp-json\/wp\/v2\/media?parent=527"}],"curies":[{"name":"wp","href":"https:\/\/api.w.org\/{rel}","templated":true}]}}

<div class="divider-3"></div>

    <div id="parallax_container644" class="parallax-window-container adamrob_parallax_fullwidth ">

<section id="parallax_644" class="adamrob_parallax adamrob_parallax_fullwidth  " style="height:500px; background-image: url(https://stark-bilder.ch/files/wp-content/uploads/2015/08/slide-intro-galerie-2.jpg); background-size: cover;" speed="0">


	<div id="parallax_644_content" class="adamrob_pcontainer" style="height:500px;">


		<table style="width:100%; height:100%; border-style:none; margin:0;">
			<tr>
				<td class="parallax-header" style="text-align:left; vertical-align:top; padding:20px; border-style:none;">
					<div id="parallax_644_posttitle" class="adamrob_parallax_posttitle" style="">
											</div>
				</td>
			</tr>
		</table>

	

	</div>

</section>
	
		    </div>
	

    <div id="parallax_container228" class="parallax-window-container adamrob_parallax_fullwidth ">

<section id="parallax_228" class="adamrob_parallax adamrob_parallax_fullwidth  " style="height:200px; background-image: url(https://stark-bilder.ch/files/wp-content/uploads/2015/06/para8.jpg); background-size: cover;" speed="0">


	<div id="parallax_228_content" class="adamrob_pcontainer" style="height:200px;">


		<div id="parallax_228_posttitle" class="adamrob_parallax_posttitle" style="text-align:left; padding:20px;">
			<div style="">
							</div>
		</div>

		<div id="parallax_228_postcontent" class="adamrob_parallax_postcontent" id="228_parallax_content_post" style="padding:20px;">
			<h1>treten deine Farben ins Licht <span class="sub-heading orange shadow-text"> leuchten die Räume</span></h1>
		</div>

	

	</div>

</section>
	
		    </div>
	
<div class="direction-arrows"> <a href="#down"> <i class="fa fa-angle-down"> </i> </a> </div>
<div id="down"></div>
<div class="divider-2"></div>
<div class="row">
<div class="col-md-8">
<h1 class="green t-shadow mt450">Das Atelier</h1>
<p class="stil-medium border-bottom">
Die spielerische Leichtigkeit der Kinder ist in dem ehemaligen Kindergarten, den ich als Atelier nutzen darf, noch deutlich spürbar.<br />
Nutzen wir diese Kraft des neugierigen im &#8211; Jetzt &#8211; sein für unser kreatives Wirken.</p>
</div>
<div class="col-md-4">
</div>
</div>
<div class="divider"></div>
<div class="row">
<div class="col-md-4">
<p class="stil-medium">Angebote</p>
<div class="sidenav">
<i class="fa fa-chevron-right orange"></i><a href="#begleitung" id="smoothup"> Begleitung </a><br />
<i class="fa fa-chevron-right orange"></i><a href="#kurse" id="smoothup"> Kurse</a><br />
<i class="fa fa-chevron-right orange"></i><a href="#farbe" id="smoothup"> Farbe im Raum</a></p>
<p class="stil-medium">Info</p>
<p><i class="fa fa-chevron-right orange"></i><a href="#tarife" id="smoothup"> Methoden &#038; Tarife</a><br />
<i class="fa fa-chevron-right orange"></i><a href="#kunden" id="smoothup"> Kundenstimmen</a>
</div>
</div>
<div class="col-md-8">
<img loading="lazy" decoding="async" src="https://stark-bilder.ch/files/wp-content/uploads/2018/07/Angebote.png" alt="atelier-2" width="1000" height="437" class="alignnone size-full wp-image-593" /><br />
</div>
</div>
<div class="divider-2"></div>
<div class="row">
<div class="col-md-4">
<p class="stil-sub border-bottom green t-shadow"> <span class="anchor" id="begleitung"> &nbsp; </span>Begleitung</p>
<p class="stil-atel">Lassen wir unsere Kreativität fließen, schöpfen wir aus dem Unbekannten. Auf einer lustvollen Reise entdecken wir Ungelebtes, Blockiertes, Befreiendes,  Wildes in uns und entfalten unser schöpferisches Potenzial. Es ist malen mit Hingabe an den Moment und an das, was in uns ist. </p>
<nav> <a href="https://stark-bilder.ch/files/formular/" class="linkbox" data-text="Anfrage&nbsp;»»">Anfrage&nbsp;»»</a><br />
 </nav>
</div>
<div class="col-md-4">
<div class="divider-3"></div>
<p class="stil-atel">Ich begleite dich, wenn du den Wunsch hast: </p>
<ul>
<li>dein eigenes Energiebild zu malen</li>
<li>dir selbst neu zu begegnen</li>
<li>deine Kreativität zu entfalten</li>
<li>Fragen in deinem Leben zu ergründen</li>
</ul>
<p>Die Begleitung kann eine oder mehrere Termine von je 1 &#8211; 2 Stunden beinhalten und ist auch für Gruppen möglich.</p>
</div>
<div class="col-md-4">
<img loading="lazy" decoding="async" src="https://stark-bilder.ch/files/wp-content/uploads/2015/08/atelier-1.jpg" alt="Lassen wir unsere Kreativität fließen" width="724" height="533" class="alignnone size-full wp-image-585" srcset="https://stark-bilder.ch/files/wp-content/uploads/2015/08/atelier-1.jpg 724w, https://stark-bilder.ch/files/wp-content/uploads/2015/08/atelier-1-300x221.jpg 300w, https://stark-bilder.ch/files/wp-content/uploads/2015/08/atelier-1-600x442.jpg 600w, https://stark-bilder.ch/files/wp-content/uploads/2015/08/atelier-1-650x479.jpg 650w" sizes="(max-width: 724px) 100vw, 724px" /></p>
</div>
</div>
<div class="divider-2"></div>
<div class="row">
<div class="col-md-4">
<p class="stil-sub border-bottom green t-shadow"><span class="anchor" id="kurse"> &nbsp; </span>Kurse</p>
<p class="stil-atel">Das Malen ist ein spielerischer Prozess, jenseits aller Vorstellungen, Werte und Ziele. Wir gehen an den Ort der Leere, der alles in sich trägt, folgen den inneren Bildern und dem eigenen Rhythmus, reich beschenkt von Momenten der Freiheit, Verbundenheit und der Hingabe an uns selbst.
</p>
</div>
<div class="col-md-4">
<div class="divider-3"></div>
<p class="stil-atel">Ich biete verschiedene Kurse zu folgenden Themen an:</p>
<ul>
<li>&#8211; Intuitives Malen</li>
<li>&#8211; Wahrnehmen und malen in und mit der Natur</li>
<li>&#8211; Eigenes Energiebild malen</li>
<li>&#8211; Themen malend erforschen</li>
</ul>
<p><nav> <a href="https://stark-bilder.ch/files/termine/" class="linkbox" data-text="Termine&nbsp;»»">Termine&nbsp;»»</a><br />
 </nav>
</div>
<div class="col-md-4">
<img loading="lazy" decoding="async" src="https://stark-bilder.ch/files/wp-content/uploads/2018/07/im_Atelier.png" alt="atelier-3" width="724" height="533" class="alignnone size-full wp-image-595" /><br />
</div>
</div>
<div class="divider-2"></div>
<div class="row">
<div class="col-md-4">
<img loading="lazy" decoding="async" src="https://stark-bilder.ch/files/wp-content/uploads/2018/07/Farbe_im_Raum.png" alt="farbe-im-raum" width="1000" height="781" class="alignnone size-full wp-image-1316" /><br />
</div>
<div class="col-md-4">
<img loading="lazy" decoding="async" src="https://stark-bilder.ch/files/wp-content/uploads/2018/07/Farbe_im_Raum_2.png" alt="farbe-im-raum-detail" width="1000" height="781" class="alignnone size-full wp-image-1319" /><br />
</div>
<div class="col-md-4">
<p class="stil-sub border-bottom green t-shadow"><span class="anchor" id="farbe"> &nbsp; </span>Farbe im Raum</p>
<p class="stil-atel">Hol dir die Kraft der Farben in deine Räume,<br />
abgestimmt auf die Nutzung der Räume und auf dich.<br />
Sei es dezent mit einzelnen farbigen Wänden,<br />
sei es ein wilder Farbenrausch<br />
oder ein Bild, direkt auf die Wand gemalt. </p>
<ul>
<li>Beratung und Begleitung</li>
<li>Erstellung eines Farbkonzeptes</li>
<li>Erstellung von Wandbildern</li>
</ul>
<nav> <a href="https://stark-bilder.ch/files/formular/" class="linkbox" data-text="Anfrage&nbsp;»»">Anfrage&nbsp;»»</a><br />
 </nav>
</div>
</div>
<div class="divider"></div>
<div class="row">
<div class="col-md-4">
<p class="stil-sub border-bottom green t-shadow"><span class="anchor" id="tarife"> &nbsp; </span>Methoden:</p>
<p class="stil-atel"> Unterstützend arbeite ich mit Meditation, inneren Reisen, Naturbegegnungen, Ritualen, kreative Arbeit mit Ton und Naturmaterialien, Landart, Tanz und Bewegung.
</p>
<p class="stil-sub border-bottom green t-shadow">Tarife</p>
<p class="stil-atel">In gemeinsamer Absprache, je nach Auftragsumfang und finanziellen Möglichkeiten.</p>
</div>
<div class="col-md-8">
<img loading="lazy" decoding="async" src="https://stark-bilder.ch/files/wp-content/uploads/2015/08/atelier-2.jpg" alt="atelier" width="1000" height="437" class="alignnone size-full wp-image-591" srcset="https://stark-bilder.ch/files/wp-content/uploads/2015/08/atelier-2.jpg 1000w, https://stark-bilder.ch/files/wp-content/uploads/2015/08/atelier-2-300x131.jpg 300w, https://stark-bilder.ch/files/wp-content/uploads/2015/08/atelier-2-600x262.jpg 600w, https://stark-bilder.ch/files/wp-content/uploads/2015/08/atelier-2-650x284.jpg 650w" sizes="(max-width: 1000px) 100vw, 1000px" /><br />
</div>
</div>
<div class="divider"></div>
<div class="row">
<div class="col-md-8">
<p class="stil-sub border-bottom green t-shadow"><span class="anchor" id="kunden"> &nbsp; </span>Kundenstimmen:</p>
<ul class="voice">
<li>&#8222;Das Bild Schöpferkraft hängt in meinem Raum im Büro und ich freue mich jeden Tag darüber. Es hat eine ganz unglaublich tolle Ausstrahlung. Viel Kraft auf eine extrem angenehme Art. Jeder der das Bild sieht ist ganz beeindruckt davon! Mir gibt das Bild jeden Tag sehr viel Energie und ich freue mich immer wenn ich es anschaue!&#8220;<br />
<span>Sabine</span></li>
<li>&#8222;Ein wunderbarer, spiritueller und kreativer Nachmittag. Jeder hatte den Raum um sich mit sich selbst auseinanderzusetzen. Und auch Teil der Gruppe zu sein.<br />
Malen mit Erdfarben und sie auch selber anzurühren ….Toll!&#8220;<br />
<span>Eveline</span></li>
<li>&#8222;Vielen Dank Dorit, ich habe die Stunden bei dir sehr genossen. Du hast mich sehr schön geführt in den Reisen, darum konnte ich so intensiv mein Bild malen. Ich kann dich von Herzen weiter empfehlen, deine Farben, deine Anleitungen &#8230;&#8220;<br />
<span>Edith</span></li>
<li>&#8222;Danke für alles, liebe Dorit, das Bild für unsere Tochter beglückt und nährt uns sehr.&#8220;<br />
(Das Bild fand grossen Anklang in unserem Familien- und Freundeskreis)<br />
<span>Seraina</span></li>
</ul>
</div>
<div class="col-md-4">
</div>
</div>
